he highest common factor of 123 and 9069.
3
Calculate the greatest common divisor of 126 and 6909590268.
126
What is the highest common factor of 38042 and 111514334?
1654
Calculate the greatest common divisor of 465 and 21624045.
15
What is the greatest common divisor of 1878853 and 608?
19
Calculate the greatest common divisor of 1382 and 13429.
1
Calculate the highest common factor of 477984 and 1898.
26
What is the highest common divisor of 200075 and 8595675?
3775
What is the greatest common divisor of 331273 and 6134351?
1289
What is the highest common divisor of 2877 and 26229?
21
What is the highest common divisor of 6904 and 265599469?
863
What is the highest common divisor of 100547582 and 38?
38
What is the highest common divisor of 2598 and 11622586?
866
Calculate the highest common factor of 180390 and 167190.
30
What is the greatest common divisor of 1180 and 54467915?
295
What is the greatest common divisor of 3052 and 298450502?
1526
Calculate the highest common factor of 140 and 1601349890.
70
What is the highest common divisor of 238 and 4034842?
14
Calculate the highest common divisor of 30 and 6296170.
10
Calculate the greatest common factor of 556160 and 22960560.
6320
Calculate the highest common factor of 1165 and 608592505.
1165
What is the highest common divisor of 1194138215 and 13683?
4561
Calculate the highest common divisor of 315 and 467222490.
315
What is the highest common factor of 13644198 and 1656?
414
What is the greatest common factor of 13104 and 202698?
18
Calculate the greatest common factor of 2586330 and 30.
30
What is the greatest common divisor of 7011 and 29161086?
2337
What is the greatest common divisor of 11994904 and 4734?
526
Calculate the greatest common factor of 24611150 and 92.
46
Calculate the greatest common divisor of 298704 and 183261.
381
What is the highest common divisor of 137833 and 1572442?
337
What is the greatest common factor of 3100 and 171341650?
1550
What is the greatest common divisor of 1047760 and 25655?
35
Calculate the greatest common divisor of 314 and 14675889.
157
Calculate the highest common divisor of 188 and 15985546.
94
Calculate the greatest common factor of 137552096 and 524.
524
What is the greatest common divisor of 40688102 and 28?
14
What is the highest common divisor of 3290645 and 4270?
305
Calculate the highest common divisor of 699030 and 91530.
810
What is the greatest common divisor of 611202 and 16068?
618
What is the highest common factor of 909699 and 1491?
21
What is the highest common divisor of 180 and 1281385620?
180
Calculate the highest common factor of 366626 and 51249965.
3107
Calculate the greatest common factor of 94160209 and 1859.
1859
Calculate the highest common factor of 2579155 and 595.
85
Calculate the greatest common divisor of 2724 and 52605888.
2724
What is the greatest common factor of 103806 and 90297?
711
Calculate the greatest common divisor of 3366 and 847062.
18
Calculate the highest common factor of 400608 and 35551392.
10272
Calculate the greatest common factor of 131997845 and 4340.
1085
What is the greatest common divisor of 54629722 and 238?
14
Calculate the highest common factor of 430 and 92974987.
43
What is the greatest common divisor of 715307526 and 54?
18
What is the highest common divisor of 1463605 and 322?
23
What is the highest common factor of 1369446408 and 3592?
3592
What is the highest common factor of 80 and 8081296?
16
Calculate the highest common factor of 148288 and 125517.
7
What is the greatest common factor of 2905 and 52936072?
581
Calculate the greatest common divisor of 7346 and 1596998362.
7346
Calculate the greatest common factor of 68307305 and 110.
55
Calculate the highest common divisor of 99960668 and 92.
92
Calculate the highest common divisor of 36 and 349027299.
9
What is the highest common factor of 4269668 and 39?
13
What is the highest common divisor of 125679873 and 2211?
2211
Calculate the greatest common factor of 5186 and 1669.
1
Calculate the greatest common divisor of 5277 and 199671126.
5277
What is the highest common divisor of 13 and 280443358?
13
What is the highest common factor of 8406 and 1415944?
934
What is the greatest common factor of 10656029 and 1769?
61
Calculate the highest common divisor of 85557 and 181621.
1501
Calculate the highest common divisor of 969590 and 425.
5
What is the greatest common factor of 7409 and 8902425?
31
Calculate the greatest common factor of 46188640 and 480.
160
What is the highest common divisor of 3545688 and 133136?
1256
What is the greatest common factor of 8214 and 439662?
6
What is the greatest common factor of 33057404 and 12020?
2404
What is the highest common factor of 32 and 6688928?
32
Calculate the greatest common factor of 2695902 and 54.
6
What is the greatest common factor of 955553 and 680?
17
Calculate the highest common factor of 39621 and 638994.
843
Calculate the greatest common divisor of 10904 and 20280.
8
Calculate the highest common factor of 680700 and 1300.
100
What is the greatest common factor of 38113870 and 350?
10
What is the greatest common factor of 971 and 413518799?
971
Calculate the highest common divisor of 61689972 and 36.
12
Calculate the greatest common factor of 3168041 and 38.
19
Calculate the highest common factor of 18762 and 1384376.
118
What is the highest common factor of 192818078 and 248?
62
Calculate the greatest common divisor of 768 and 1747344.
48
What is the greatest common factor of 203496 and 695000?
1112
Calculate the highest common divisor of 1937127 and 24477.
123
What is the greatest common divisor of 3289 and 10198331?
143
What is the highest common factor of 29089 and 2113579?
19
What is the greatest common factor of 2040 and 412739260?
340
Calculate the greatest common divisor of 14750 and 619330.
10
Calculate the greatest common divisor of 12139 and 192882.
61
Calculate the highest common divisor of 7219373 and 187663.
2261
What is the greatest common factor of 554389 and 102212?
1111
What is the highest common factor of 270257 and 65?
13
Calculate the greatest common divisor of 219893033 and 22696.
2837
Calculate the greatest common divisor of 4144 and 11072509.
259
Calculate the highest common divisor of 39915 and 581535.
45
What is the greatest common divisor of 23552 and 11432840?
184
Calculate the highest common factor of 159359 and 587431.
73
What is the greatest common divisor of 357 and 52752207?
51
What is the greatest common factor of 1984 and 70897?
31
What is the highest common factor of 130351 and 3838861?
481
Calculate the highest common divisor of 651760865 and 70.
35
What is the highest common factor of 18192 and 4227366?
2274
What is the highest common divisor of 1291 and 431778823?
1291
Calculate the greatest common divisor of 953460 and 30330.
90
What is the highest common factor of 326163 and 76038?
2001
What is the greatest common divisor of 290873 and 156643?
31
What is the highest common factor of 53788017 and 1734?
51
Calculate the highest common divisor of 339995045 and 1690.
845
Calculate the greatest common divisor of 228 and 18392133.
57
What is the greatest common factor of 1456 and 661262784?
1456
Calculate the greatest common divisor of 73730 and 1001998.
146
Calculate the greatest common factor of 1380 and 48176490.
690
Calculate the highest common divisor of 644 and 225584.
92
Calculate the greatest common divisor of 5601 and 78494281.
1867
What is the highest common factor of 2129840 and 870?
10
Calculate the highest common divisor of 7695208 and 1279364.
4756
What is the greatest common factor of 1399 and 263831814?
1399
What is the highest common divisor of 12 and 36712194?
6
What is the greatest common divisor of 48525524 and 668?
668
Calculate the greatest common divisor of 2427 and 3963.
3
Calculate the greatest common factor of 1954027 and 4881.
1627
Calculate the highest common divisor of 19928 and 3604424.
424
Calculate the greatest common divisor of 5764 and 1889184.
44
Calculate the highest common divisor of 71070 and 172995.
15
Calculate the greatest common divisor of 858573 and 3618.
27
What is the greatest common divisor of 9200 and 48894800?
400
What is the highest common divisor of 273322 and 12250?
98
What is the hig